r when 1249 is divided by 430.
389
Calculate the remainder when 516 is divided by 489.
27
Calculate the remainder when 1771 is divided by 51.
37
What is the remainder when 14519 is divided by 47?
43
Calculate the remainder when 913 is divided by 137.
91
What is the remainder when 114 is divided by 58?
56
What is the remainder when 5138 is divided by 20?
18
Calculate the remainder when 41 is divided by 21.
20
Calculate the remainder when 1537 is divided by 189.
25
Calculate the remainder when 117 is divided by 86.
31
Calculate the remainder when 300 is divided by 160.
140
Calculate the remainder when 2462 is divided by 1226.
10
What is the remainder when 686 is divided by 302?
82
What is the remainder when 541 is divided by 17?
14
What is the remainder when 15553 is divided by 255?
253
Calculate the remainder when 687 is divided by 197.
96
What is the remainder when 287 is divided by 40?
7
Calculate the remainder when 256 is divided by 132.
124
Calculate the remainder when 127 is divided by 35.
22
What is the remainder when 341 is divided by 8?
5
Calculate the remainder when 627 is divided by 90.
87
What is the remainder when 65 is divided by 34?
31
Calculate the remainder when 69 is divided by 35.
34
What is the remainder when 518 is divided by 65?
63
Calculate the remainder when 193 is divided by 104.
89
Calculate the remainder when 243 is divided by 39.
9
What is the remainder when 132 is divided by 36?
24
What is the remainder when 178 is divided by 10?
8
Calculate the remainder when 125 is divided by 13.
8
Calculate the remainder when 17601 is divided by 12.
9
What is the remainder when 1425 is divided by 30?
15
Calculate the remainder when 132 is divided by 20.
12
What is the remainder when 260 is divided by 56?
36
Calculate the remainder when 877 is divided by 24.
13
Calculate the remainder when 25 is divided by 3.
1
Calculate the remainder when 507 is divided by 162.
21
What is the remainder when 215 is divided by 1?
0
What is the remainder when 782 is divided by 49?
47
Calculate the remainder when 921 is divided by 12.
9
Calculate the remainder when 414 is divided by 358.
56
What is the remainder when 1533 is divided by 13?
12
What is the remainder when 165 is divided by 6?
3
What is the remainder when 446 is divided by 97?
58
Calculate the remainder when 91 is divided by 17.
6
What is the remainder when 431 is divided by 62?
59
What is the remainder when 19835 is divided by 7?
4
Calculate the remainder when 3446 is divided by 1715.
16
Calculate the remainder when 40 is divided by 7.
5
What is the remainder when 298 is divided by 43?
40
Calculate the remainder when 62 is divided by 33.
29
What is the remainder when 460 is divided by 227?
6
What is the remainder when 2594 is divided by 118?
116
Calculate the remainder when 1906 is divided by 148.
130
Calculate the remainder when 5709 is divided by 34.
31
What is the remainder when 16252 is divided by 54?
52
Calculate the remainder when 3274 is divided by 63.
61
What is the remainder when 283 is divided by 185?
98
What is the remainder when 1019 is divided by 102?
101
What is the remainder when 212 is divided by 15?
2
What is the remainder when 1139 is divided by 76?
75
Calculate the remainder when 6742 is divided by 12.
10
Calculate the remainder when 4217 is divided by 31.
1
What is the remainder when 259 is divided by 219?
40
Calculate the remainder when 7630 is divided by 159.
157
What is the remainder when 272 is divided by 39?
38
Calculate the remainder when 410 is divided by 50.
10
What is the remainder when 166 is divided by 85?
81
What is the remainder when 530 is divided by 42?
26
Calculate the remainder when 683 is divided by 19.
18
What is the remainder when 184 is divided by 182?
2
What is the remainder when 36 is divided by 31?
5
What is the remainder when 2207 is divided by 67?
63
Calculate the remainder when 40 is divided by 23.
17
What is the remainder when 168 is divided by 22?
14
What is the remainder when 114 is divided by 13?
10
Calculate the remainder when 385 is divided by 27.
7
What is the remainder when 371 is divided by 303?
68
What is the remainder when 2960 is divided by 96?
80
Calculate the remainder when 287 is divided by 65.
27
Calculate the remainder when 6773 is divided by 56.
53
What is the remainder when 1316 is divided by 132?
128
What is the remainder when 552 is divided by 104?
32
What is the remainder when 29 is divided by 2?
1
What is the remainder when 182 is divided by 75?
32
What is the remainder when 10396 is divided by 80?
76
What is the remainder when 230 is divided by 59?
53
What is the remainder when 1117 is divided by 32?
29
Calculate the remainder when 607 is divided by 585.
22
What is the remainder when 1751 is divided by 667?
417
Calculate the remainder when 267 is divided by 16.
11
What is the remainder when 97 is divided by 1?
0
Calculate the remainder when 22 is divided by 15.
7
What is the remainder when 334 is divided by 81?
10
What is the remainder when 8430 is divided by 23?
12
What is the remainder when 4091 is divided by 256?
251
What is the remainder when 131 is divided by 44?
43
What is the remainder when 263 is divided by 39?
29
What is the remainder when 556 is divided by 22?
6
Calculate the remainder when 660 is divided by 221.
218
Calculate the remainder when 959 is divided by 60.
59
Calculate the remainder when 10955 is divided by 166.
165
Calculate the remainder when 105 is divided by 61.
44
Calculate the remainder when 6659 is divided by 148.
147
Calculate the remainder when 42 is divided by 11.
9
What is the remainder when 1168 is divided by 30?
28
Calculate the remainder when 5415 is divided by 18.
15
What is the remainder when 465 is divided by 78?
75
Calculate the remainder when 3859 is divided by 193.
192
Calculate the remainder when 4087 is divided by 56.
55
Calculate the remainder when 53 is divided by 4.
1
What is the remainder when 2375 is divided by 36?
35
What is the remainder when 435 is divided by 44?
39
What is the remainder when 75 is divided by 65?
10
Calculate the remainder when 773 is divided by 11.
3
What is the remainder when 720 is divided by 73?
63
What is the remainder when 46 is divided by 6?
4
Calculate the remainder when 190 is divided by 51.
37
What is the remainder when 134 is divided by 55?
24
Calculate the remainder when 318 is divided by 96.
30
What is the remainder when 6897 is divided by 128?
113
Calculate the remainder when 321 is divided by 44.
13
What is the remainder when 3382 is divided by 199?
198
Calculate the remainder when 384 is divided by 11.
10
What is the remainder when 1617 is divided by 28?
21
What is the remainder when 201 is divided by 12?
9
Calculate the remainder when 213 is divided by 33.
15
Calculate the remainder when 171 is divided by 83.
5
Calculate the remainder when 499 is divided by 157.
28
Calculate the remainder when 95 is divided by 8.
7
What is the remainder when 19 is divided by 5?
4
What is the remainder when 412 is divided by 12?
4
Calculate the remainder when 91 is divided by 56.
35
What is the remainder when 22 is divided by 7?
1
Calculate the remainder when 56 is divided by 4.
0
Calculate the remainder when 12052 is divided by 41.
39
What is the remainder when 156 is divided by 33?
24
Calculate the remainder when 150 is divided by 42.
24
What is the remainder when 152 is divided by 31?
28
What is the remainder when 196 is divided by 51?
43
What is the remainder when 23 is divided by 13?
10
What is the remainder when 393 is divided by 44?
41
Calculate the remainder when 291 is divided by 70.
11
What is the remainder when 400 is divided by 8?
0
What is the remainder when 275 is divided by 10?
5
What is the remainder when 431 is divided by 9?
8
What is the remainder when 250 is divided by 12?
10
What is the remainder when 4080 is divided by 51?
0
What is the remainder when 117 is divided by 7?
5
Calculate the remainder when 4923 is divided by 1632.
27
Calculate the remainder when 75 is divided by 34.
7
What is the remainder when 1426 is divided by 26?
22
What is the remainder when 532 is divided by 67?
63
Calculate the remainder when 385 is divided by 187.
11
Calculate the remainder when 1987 is divided by 29.
15
What is the remainder when 184 is d